-4*p + 90 = 2*s. What is the units digit of p?
3
Let j(n) = -3 + 141*n + 4 + 51*n + 7. What is the hundreds digit of j(1)?
2
Suppose -3*i = -3*t + 1575, 55*t - 60*t + 4*i + 2630 = 0. What is the units digit of t?
0
Suppose 2*z + 0*z - l + 23 = 0, 3*z - 5*l + 38 = 0. Let d = z + 13. Let w = 5 + d. What is the units digit of w?
7
Let f = 52 - -5. Let n = 3 + f. What is the tens digit of n?
6
Suppose 38*s = 45*s - 9058. What is the thousands digit of s?
1
Let k(q) = 5*q**2 - 6*q - 9. What is the units digit of k(5)?
6
Let r(l) = -l**3 + 11*l**2 - 27*l - 1. Let d be r(7). Suppose -132 = -d*f + 4*f + 5*t, 4*f + 2*t - 240 = 0. What is the units digit of f?
1
Suppose 4*q - 4*l - 564 = 0, q - 2*l + 7*l = 123. Suppose -5*y = 5*j - q - 172, 0 = 5*j - 5*y - 340. What is the units digit of j?
5
Suppose 24*k + 10*k - 18054 = 0. What is the hundreds digit of k?
5
Suppose -2*z + 9 = -3*z + 3*u, -z - 3*u + 9 = 0. Let o be z/1*(-2)/(-4). Suppose o = -3*r + 36 + 27. What is the tens digit of r?
2
Let b = -340 - -1241. What is the units digit of b?
1
Let n(q) = q**2 - q + 1. Let a be n(0). What is the tens digit of (a + 1)/((-22)/(-1727))?
5
Let y = 1335 - -543. What is the hundreds digit of y?
8
Let h be 3/6 - (-1765)/(-10). Let l = -60 - h. What is the tens digit of l?
1
Let j(v) = -8*v - 17. Let t be 2 + -3 + (-3 - -3). Let p be (-1)/(t/(-7) - 0). What is the tens digit of j(p)?
3
Let h(u) = u**3 - 5*u**2 + 4*u + 7. Let r be h(4). Suppose r*n - 59 = 6*n. What is the tens digit of n?
5
Let j(i) = -2*i - 10. Let x be j(-7). What is the units digit of x - 7/((-21)/198)?
0
Let a = 313 - 48. What is the tens digit of a?
6
Let z = -132 - -137. Suppose -4*o - 5*n + 132 = -118, 0 = -o - z*n + 55. What is the units digit of o?
5
Suppose -4*z = -5*a - 1708, 3*z = -a + 805 + 476. What is the tens digit of z?
2
Suppose 22020 = 37*v - 1956. What is the units digit of v?
8
Let y(g) = -3*g - 7. Let s be y(-6). Let a = s - -177. What is the hundreds digit of a?
1
Suppose -5*w - 2*c + 145 = 0, 3*w + 3*c = 57 + 39. Suppose l - w = 42. What is the tens digit of l?
6
Let l be 2 + -3 + 2 - -2. Suppose 552 + 148 = 5*g + 2*j, 0 = 5*g - l*j - 725. Suppose 3*r = 2*r - o + 35, 4*r - g = -5*o. What is the units digit of r?
3
Suppose 3*u - w + 2*w - 362 = 0, 3*u = 5*w + 332. Let d = u + -40. What is the tens digit of d?
7
Let u = -142 - -311. What is the tens digit of u?
6
Suppose -5767 = 11*t - 23246. What is the tens digit of t?
8
Suppose -1047 + 167 = -5*r. What is the units digit of r?
6
Let n(g) = 3*g**2 + 23*g + 162. What is the thousands digit of n(-28)?
1
Suppose -d + 2 = -6. Suppose 0 = 4*v - d*v + 164. What is the tens digit of v?
4
Suppose 0 = -7*k + 12*k - 15. Suppose 0*u + 88 = k*q + 5*u, 0 = -q - 2*u + 31. What is the tens digit of q?
2
Suppose 6*t - 883 - 1265 = 0. What is the hundreds digit of t?
3
Let s(c) = -17*c. What is the tens digit of s(-21)?
5
Let u(m) = 17*m**2 - 5*m - 2. Let y = -86 - -88. What is the tens digit of u(y)?
5
Let t(m) = -4*m - 31. Let o(r) = 8*r + 63. Let n(i) = -4*o(i) - 9*t(i). What is the tens digit of n(10)?
6
Suppose -56 = -2*f - 4. Let p = f + -22. Suppose p*n - 72 = -20. What is the units digit of n?
3
Let u(p) = p**2 + 2*p + 20. What is the tens digit of u(-5)?
3
Suppose -5360 - 860 = -20*f. What is the hundreds digit of f?
3
Let s = -7 - -11. Suppose -3*k + 2*k - 5*j = 11, s*k + 136 = 3*j. Let t = -11 - k. What is the units digit of t?
0
Let d = -46 + 59. Let c(b) = 7*b + 26. What is the tens digit of c(d)?
1
Let l(c) = c**3 + 11*c**2 + 9*c - 13. Let g be l(-10). What is the units digit of 12 - (5 - (-1 - g))/1?
9
Let u(m) = 2*m + 4. Let j be u(-6). Let q be (-10)/4*j/5. Suppose 3*l = 5*d - 210, 3*d - q*l = -l + 132. What is the tens digit of d?
3
Suppose -3*l = -957 - 1188. What is the hundreds digit of l?
7
Let j = 105 - 41. Let d = 119 - j. What is the units digit of d?
5
Let o(u) = 155*u - 16. Let i be o(4). What is the tens digit of 1/(i/(-152) + 4)?
3
Let d = 3 - 7. Let j be -2*(-21)/d*-2. Suppose 3*h - 60 = j. What is the units digit of h?
7
Suppose -8604 = -3*l - 3*f, -38*l - 4*f - 2863 = -39*l. What is the tens digit of l?
6
Let l(m) = -9*m + 9*m + 10*m + 17 - 1. What is the units digit of l(5)?
6
Let n(f) = 93*f - 1. Let a be n(1). Suppose -4*g + o + 124 = -o, 0 = 3*g - o - a. What is the tens digit of ((-22)/(-6))/(5/g)?
2
Suppose 0 = -5*g + 4*k + 24, -g + 5*k + 7 = 2*k. Let m be ((-62)/g)/(3/(-6)). What is the tens digit of m*3*2/6?
3
Let u(p) = 11*p**2 + 66*p + 42. What is the thousands digit of u(-15)?
1
Let w(o) = 14*o. Let l = -3 + 4. Let g be w(l). Let c = g - 9. What is the units digit of c?
5
Let f(b) = -b**2 + 3*b. Let s be f(5). Let p = s + 1. What is the units digit of 282/54 - (-2)/p?
5
Suppose 5*u + 0 = 10. Suppose -p + 4 = 0, 4*g + u*p + 0*p = 48. What is the units digit of g?
0
Let o = 75 - 132. Let l = o + 84. What is the tens digit of l?
2
Suppose 0 = -l + 5 + 15. What is the tens digit of ((-188)/l)/((-1)/5)?
4
Let l be 68/6 - 56/42. Let i(y) = y**2 - 11*y + 12. Let v be i(10). Let b = l - v. What is the units digit of b?
8
Let r(q) = -4*q + 1283. What is the tens digit of r(0)?
8
Suppose -m + 18 = m. Let w be (-42)/7*(-3)/(-6). What is the units digit of (66/(-9))/(w/m)?
2
Suppose 3*q + c - 767 = 0, -7*c - 258 = -q - 5*c. What is the units digit of q?
6
Suppose 4203 = 7*g - 13388. What is the tens digit of g?
1
Let s(u) = -10*u - 1 - 9 - 3. What is the units digit of s(-5)?
7
Let v = -334 + 537. Suppose 5*s - 4*p = 336, -p = s - 4*s + v. Suppose 9*m - s = 5*m. What is the tens digit of m?
1
What is the units digit of 0 + (14 - 9) + 897 + -1?
1
Let h = 544 + -464. What is the tens digit of h?
8
Suppose 2*a + 5*s - 180 - 916 = 0, -16 = -4*s. What is the hundreds digit of a?
5
Let g = 504 - 172. What is the tens digit of g?
3
Let b(d) = -d**3 + 13*d**2 - 12*d + 2. Let h be b(12). Let x(k) = -3 + 0*k**h - 7*k + 12*k - k**2 + 2*k**3. What is the units digit of x(3)?
7
Let v(w) = 14*w**2 + 3*w + 5. Let k be v(-2). Let m = 102 + k. What is the hundreds digit of m?
1
Suppose -5*v - 1 = -16, u - 3*v - 176 = 0. Suppose 3*j + 2*j - u = 0. Suppose -14 = -3*t + j. What is the units digit of t?
7
Let l = 5832 + -2011. What is the thousands digit of l?
3
Suppose 125 = -a - 3*z + 811, 3*z + 680 = a. What is the units digit of a?
3
Suppose 4*j + 4*h = -720, h = 2*j - 119 + 494. Let v = j + 285. What is the hundreds digit of v?
1
Let s(c) = -c + 35. Let d be s(11). What is the units digit of 80/d*(5 - -1)?
0
Let x(l) = 4*l**2 + 7*l. Let q be x(-2). Suppose r - 4*o = -3*r + 20, 4*o = 2*r - 8. Suppose q*n = r*n - 68. What is the units digit of n?
7
Suppose -c - 3*c = -24. Suppose 18 = c*b - 6. Suppose -b*z + 38 = -3*z. What is the tens digit of z?
3
What is the hundreds digit of 18352/24 + (-1)/(-3)?
7
Let s be 2/((-4)/1256*4). Let g = -55 - s. Suppose 15 = 5*h, 64 + g = 4*r - 2*h. What is the tens digit of r?
4
Let c(l) = -29*l**2 - l + 2. Let s be c(1). Suppose -28 = k - 3*k. What is the tens digit of 8/s - (-452)/k?
3
Let p(r) = r**3 - 2*r**2 - 6. Let v be p(3). Let m be (4 + -3 - 2) + v. Suppose -4*x + 53 = -m*x - 5*n, -2*n - 10 = 0. What is the units digit of x?
4
Suppose 3*i = 3, 5*n = -0*i + i + 169. What is the tens digit of n?
3
Let k(b) be the first derivative of -b**3/3 - 5*b**2/2 + 11*b - 41. What is the units digit of k(-6)?
5
Let r(n) = 2*n**3 - 3*n**2 + 7*n - 6. What is the units digit of r(6)?
0
Let m(v) = -v + 8. Let l be m(6). What is the units digit of 0 - l*35/(-10)?
7
Suppose 0 = 13*j - 15*j + 112. Suppose -q = 2*m + 2, 3*m = 4*q - m - 40. Suppose -q*n + j = -88. What is the tens digit of n?
2
Let a be (-74)/(-18) - (-3)/(-27). Suppose 2*y - a*x - 238 = 106, y + 3*x = 187. What is the units digit of y?
8
Suppose 2*v - 2*q - 6 = v, -2*q = -3*v + 2. What is the units digit of (3 + -4 - v)/((-2)/(-210))?
5
Let a(q) = -q**2 + 3*q**2 + q**3 - 22 + 2*q + 13. What is the hundreds digit of a(5)?
1
Suppose -i + 3*j + 16 + 25 = 0, 5*j - 53 = -3*i. Let s = -23 + i. Suppose 2*h - 2*a - 42 = 0, 2*a + s*a + 42 = 2*h. What is the units digit of h?
1
Let l be 3/(-12) + (-327)/(-12) + -3. Let p = 142 - l. What is the tens digit of p?
1
Let m be ((-24)/(-9))/(2/222). Let z(n) = -n**3 - 2*n**2 + n. Let k be z(1). What is 